nder when c is divided by 69?
20
Suppose 4*a - 1858 = -602. What is the remainder when a is divided by ((-5)/(-10))/((-4)/(-520))?
54
What is the remainder when 284 + -4 + (-45)/(-9) is divided by 31?
6
Suppose 546*l - 545*l - 12 = 0. Suppose -3*i - 55 = 4*k, 0*k = 4*k - 8. What is the remainder when (-4)/14 + (-930)/i is divided by l?
8
Suppose -5*n = 2*g + 401, 12*g = 8*g - 5*n - 817. Let m(t) = -6*t - 6. Calculate the remainder when (-3 - g)*(-3)/(-15) is divided by m(-4).
5
Suppose 0*h - 24*h + 1200 = 0. Suppose 5*r = -2*m - 56 + 1267, -5*m - 3*r = -2999. What is the remainder when m is divided by h?
48
Let s(c) = -12*c - 1. Let y be s(1). Let m = -8 - y. What is the remainder when 17/(34/(-12)) + 16 - (1 + 0) is divided by m?
4
Suppose -i + 13 + 40 = 0. Suppose 4*s + 3*x = 624 + 199, -5*s - 5*x + 1030 = 0. Calculate the remainder when s is divided by i.
46
Suppose 0 = -0*f + f - 10. Let d = 1774 + -1755. Calculate the remainder when d is divided by f.
9
Let u = -18025 + 18132. Calculate the remainder when 4485 is divided by u.
98
Suppose q - 1 = -i, 2*q = q + 4*i + 1. Let x be 6/4*1428/18. Let v = x - 117. What is the remainder when v is divided by q?
0
Suppose -2*v + 84*p = 89*p - 20, 4*v - 28 = -4*p. Calculate the remainder when 70 is divided by v.
0
Let l be ((-54)/8)/(-7*(-10)/840). Let c = 88 + l. Calculate the remainder when 12 is divided by c.
5
Let p(u) = 11*u**2 - 5*u + 3. Suppose 48 = 5*z + 13. Suppose 5 = -w + z. What is the remainder when 182 is divided by p(w)?
34
Suppose -247*c = 2684 - 48626. What is the remainder when 883 is divided by c?
139
Let d be 13 + (-6*4)/6. Let p(g) = 3*g**2 - 15*g + 27. What is the remainder when p(d) is divided by 24?
15
Suppose 6819 = -35*s + 29254. Calculate the remainder when s is divided by 38.
33
Suppose -h + 2*c = -205, -2*h + 15*c + 408 = 13*c. What is the remainder when h is divided by 68?
67
Suppose 0 = 5*u + 40, 4*k - 2*u - 3523 = 281. What is the remainder when k is divided by 314?
5
Suppose 25*x + 11 = 1836. Let j = 7 + x. Calculate the remainder when j is divided by 41.
39
Suppose 0*r = 4*r - 4. Let h be r/(26/(-12) - 16/(-8)). Calculate the remainder when 20 is divided by 2 - (5/h + (-3)/18).
2
Suppose -33*v + 2*i = -31*v + 4, 0 = -2*v + 4*i - 12. Let t(m) = -m**3 - 141. Let k be t(0). Calculate the remainder when k/(-6) + v/4 is divided by 14.
10
Let k = -272 + 361. Calculate the remainder when 798 is divided by k.
86
What is the remainder when (938/21)/((-1)/3*-1) is divided by 61?
12
Suppose -4*s + 3*j + 628 = 0, 0 = s - 4*j - 6 - 138. Let m = -158 + s. What is the remainder when 4 is divided by m?
0
Suppose -12*b = -17*b + 2*z + 1032, 5*b - z = 1036. Calculate the remainder when 19134 is divided by b.
206
Let s be ((-278)/3 - 0)*(-6)/(-4). Let g = 151 + s. What is the remainder when 237 is divided by g?
9
Suppose -26 = m - 4*a, -m - 2*a - 50 = 2*m. What is the remainder when (-6)/((-3)/(-5) + -1) is divided by ((-3)/(m/(-15))*8)/(-2)?
5
Suppose -57 = -3*a - 2*w, 35*a = 32*a - 4*w + 69. Suppose 0 = 3*s + 4*f - 165, 3*s + 5*f - 280 = -2*s. What is the remainder when s is divided by a?
14
Suppose -867*u - 21418 = -868*u. Calculate the remainder when u is divided by 34.
32
Calculate the remainder when 227 is divided by (-411 + 417)/(6/29).
24
Let o be 6*(-117)/(-90) + (-1)/(-5). Suppose 0 = 5*d + 2*u - 295, -o*d - 5*u = -12*d + 269. What is the remainder when d is divided by 16?
13
Suppose 4*r + 828 = 5*l + 914, 5*r = l + 55. Let d(h) = -h**2 + 8*h - 2. Let k be d(6). Calculate the remainder when r is divided by ((-18)/15)/((-2)/k).
3
Let b(q) = 18*q + 499. What is the remainder when b(0) is divided by 54?
13
Let f = -57 + 82. Calculate the remainder when 2/(152/(-246) - 12/(-18)) is divided by f.
16
Let q be (-30)/(-40)*(-164)/(-3). Suppose -42*v + 10 = -q*v. Calculate the remainder when v is divided by 7.
3
Let g(z) = z**3 - 14*z**2 - 30*z - 15. Let f be g(16). Suppose -5*x - 144 = -f*x. Calculate the remainder when 57 is divided by x.
9
Let z(x) = x**2 - x + 21. Suppose 1671 = 5*c - 4*q, -32*c + 27*c + 1679 = 4*q. What is the remainder when c is divided by z(0)?
20
Calculate the remainder when -175*(-2)/(-2 - 60/(-25)) is divided by 148.
135
Let o = -31913 - -35936. What is the remainder when o is divided by 161?
159
Suppose 17230 = -j + 17388. Suppose 2*w + 2*w = 0. Suppose w*d + 40 = d. Calculate the remainder when j is divided by d.
38
Let q = 3391 - 1987. Calculate the remainder when q is divided by 44.
40
Let k(s) = s**2 + 15*s + 29. Let c be k(-13). Suppose 2*y - 4*i = 0, 0 = -c*i - i + 4. Let v = 23 - 21. What is the remainder when v is divided by y?
0
Suppose 10*x = 3*x + 35. Let q(m) = 3*m**2 - 4*m - 17. Let r = -64 + 86. Calculate the remainder when q(x) is divided by r.
16
Suppose 7*p = p + 12. What is the remainder when p - 2 - (-36)/(2 + 0) is divided by 14?
4
Let s(a) = -2*a**3 - 12*a**2 - 4*a + 14. Let p be s(-6). Suppose 3*g - 5 = 2*g - 3*x, 5*g = -2*x + p. Calculate the remainder when 17 is divided by g.
1
Suppose -5*s = 5*u - 175, 180*u - 179*u + 130 = 4*s. What is the remainder when 177 is divided by s?
12
Suppose -4*s - 3*o = -2*o - 104, 0 = -s - 3*o + 37. Let c(q) = 13*q**3. Suppose 0 = -4*a - 0 + 4. What is the remainder when s is divided by c(a)?
12
Suppose 0 = 25*v - 30*v + 145. Calculate the remainder when (-24)/36 - (-520)/6 is divided by v.
28
Let h be (-92)/8*30*4/(-3). Let q = -312 + h. Suppose -20 = 2*b - q. What is the remainder when b is divided by 22?
20
Let y(n) = n**3 + 17*n**2 - 50*n - 205. What is the remainder when 7932 is divided by y(-19)?
20
Suppose -4*n + 2*o = -72, -2*n - n - o + 44 = 0. Let t be ((-1806)/7)/(11/14 - 1). Suppose -1280 + t = -s. What is the remainder when s is divided by n?
12
Let b be (-9731)/(-111) + (-2)/(-6). What is the remainder when (-1948)/(-10) + b/(-10) + 9 is divided by 22?
19
Let f(p) = 1716*p + 57. Calculate the remainder when f(5) is divided by 40.
37
Let v be ((-2)/3)/(10/1065). Let w = 115 + v. Let g = 50 - w. Calculate the remainder when 33 is divided by g.
3
Let n = -4017 - -4044. Let o = 148 + -79. Calculate the remainder when o is divided by n.
15
Let c = -61 + 75. Suppose -c = -5*i + 1. Suppose 5*s = v + 245, -5*v + 75 = i*s - 2*s. What is the remainder when s is divided by 13?
11
Suppose 0 = -40*j - 34 + 965 + 29. Let f = -113 - -300. What is the remainder when f is divided by j?
19
Suppose -1167*n - 1133 = -1178*n. Calculate the remainder when 435 is divided by n.
23
Let l = 62 - 60. Suppose 5*f - 352 = -3*i, -2*i = f - l*f + 73. Suppose f - 6 = 5*n. Calculate the remainder when 64 is divided by n.
12
Suppose -6*x + 100 = -2*x. Let t = -22 + x. Let p = 312 - 307. What is the remainder when p is divided by t?
2
Let k(c) = -c**2 + 9*c - 26. Let l be k(6). What is the remainder when (132/l)/11*-42 is divided by (-44)/(-3)*6/4?
19
Let w(v) = -40*v - 1. Let i be w(-3). Let z = i + -77. Suppose -56*d - 22*d + 3258 = -2982. What is the remainder when d is divided by z?
38
Suppose 0 = 22*l - 16*l - 486. Let j = l + -70. Calculate the remainder when j is divided by 1.
0
Let v be 0*((-8)/(-4) - 3). Let a = 0 - v. Suppose -2*u + 32 - 6 = a. What is the remainder when u is divided by 10?
3
Suppose -9*f + 14*f = 25. Suppose -5*k = 3*h - 6623, -f*k - 4*h + 6639 = -5*h. What is the remainder when k is divided by 83?
82
Let v = 7 - 9. Let t be v/((-2)/(-13)) - 1. What is the remainder when (-446)/(-3) - t/(-21) is divided by 38?
34
Suppose 80 = -39*s + 43*s. Suppose -30*m + 23*m = -812. What is the remainder when m is divided by s?
16
Suppose -1684 = -33*d + 13*d + 5316. Calculate the remainder when d is divided by 71.
66
Suppose 50 = 3*w - 4*o, 68 = 6*w - 2*w - 4*o. Let d = 1089 + -1005. What is the remainder when d is divided by w?
12
Suppose 2*h - 4*b - 2036 = -8*b, 2*h + 3*b - 2036 = 0. Let k = -317 + 337. Calculate the remainder when h is divided by k.
18
Suppose 0 = 5*d + 2*s + 1015 - 201, 0 = -3*d + s - 495. Calculate the remainder when (-1)/1 - (d + 25) is divided by 28.
26
Suppose -145527 = -45*c + 225251 - 79853. Calculate the remainder when c is divided by 42.
39
Let g be -575 + (-56)/(5 - -2). Let k = 620 + g. Let j(y) = 3*y**2 + 1. Calculate the remainder when k is divided by j(-2).
11
Let l = -2